-5 = -5*x - 0*x. Suppose 0 = 3*m - x - 8. Suppose 9 = 3*y - m. What is the units digit of y?
4
Let p(r) = -r**2 - 2*r. Let x be p(-2). Suppose -4*k + k = 2*a - 20, x = a - 4*k - 10. What is the units digit of a?
0
Suppose 5*a = 5*g - 115, 6*g = g - 2*a + 122. Let q(s) = -2*s - 5. Let f be q(-5). Suppose -v - f - 6 = -t, 2*t - v = g. What is the tens digit of t?
1
Let i(x) = -x**3 - 7*x**2 + 3. Let v be i(-7). Suppose -v*k - 1 = -4*a, 2*k = 5*a - 0*a - 10. What is the units digit of a?
4
Let z be 6/(-4)*(-13 - -1). Let o be (-4)/z - 2/(-9). Suppose o*g = -3*g + 18. What is the units digit of g?
6
Suppose 6*g + 24 = -0*g. Suppose -2*q - 5*h = -33, h - 45 = -3*q - 2. Let b = q + g. What is the tens digit of b?
1
Suppose 0 = -2*i - 5*b + 34, 64 = 5*i - 0*b + 2*b. What is the tens digit of i?
1
Suppose k - 5*t = -11 - 9, 2*t = -k + 8. Suppose k = -j - j. Suppose 4*m - 5*m + 18 = j. What is the tens digit of m?
1
Let u be ((-4)/(-6))/(4/6). Suppose 4*r - 6 = 10. Suppose 3*b - r = -u. What is the units digit of b?
1
Let x be -6 + (0 - (0 + 1)). What is the units digit of (-7 - -1)*(x + 6)?
6
Suppose -a + 5 = -0*a. Suppose -3*v - 7*d + 2*d = 2, -4*d = a*v - 14. Suppose -4*m + m = -v. What is the units digit of m?
2
Suppose 3*r = 37 + 11. What is the units digit of r?
6
Suppose -4*s - i = -114 - 42, 4*i - 144 = -4*s. Suppose -3*n = -5*p + 2*p - 15, 2*p + 1 = -n. Suppose 16 = -n*c + s. What is the units digit of c?
8
Suppose 2*b - 52 = -11*b. What is the units digit of b?
4
Suppose -r - 27 = 2*p - 7*p, 3*r = 2*p - 29. Let q(w) = 2 - 18*w - 8 + 15*w. What is the tens digit of q(r)?
1
Let s(h) = 4*h - 6*h - 4*h + 0*h. Let k be s(-1). Suppose 20 = q + k. What is the tens digit of q?
1
Let u be (-4)/(-8) + (-3)/(-2). What is the units digit of (-6)/(9/(-24)*u)?
8
Let b = 7 + -26. Let n = 28 + b. Let m(z) = z**3 - 8*z**2 - 8*z - 1. What is the units digit of m(n)?
8
Let p = -202 + 333. What is the tens digit of p?
3
Let i be ((-9)/(-6))/((-2)/(-8)). Let u = 20 - i. What is the units digit of u?
4
Let l(u) = -73*u + 4. What is the tens digit of l(-1)?
7
Let f be 6/(-21) + (-122)/14. Let b be (-1)/(3/f*1). Let r = b + 5. What is the units digit of r?
8
Let q = -13 - -58. Let w = 69 - q. What is the units digit of w?
4
Let i be (-1)/(((-5)/(-12))/(-5)). Suppose i = 3*k - k + 2*h, 3 = -k - 4*h. What is the units digit of k?
9
Let k = 2 - 1. Suppose 7 = 3*g + k. Suppose -3*p = g*p - 40. What is the units digit of p?
8
Let m(b) = b**2 - 4*b - 4. What is the units digit of m(6)?
8
Let u = 37 + -46. Suppose 2*v - 40 = -2*z, v - 8*z = -4*z + 5. Let k = u + v. What is the units digit of k?
8
Suppose -4*c + 0*c = -i - 23, 3*c - 4*i - 27 = 0. Suppose s + 3*z - c = 5*z, -40 = -5*s - 5*z. What is the units digit of s?
7
Let f = -7 + 11. Let y(s) = 2*s - 3. Let w be y(f). Suppose w*p = 7*p - 22. What is the units digit of p?
1
Suppose -120 = -4*k + 2*k - 5*w, -4*k - 5*w = -240. What is the units digit of k?
0
Suppose 4*k = -j + 1081, 2*k - 5*j - 767 + 232 = 0. What is the units digit of k?
0
What is the units digit of -2 + 1/(1/83)?
1
Suppose 4*g = -5*p + 20, 0*g + 3*g = -5*p + 15. Suppose j + 44 = g*j. Let h = 23 - j. What is the tens digit of h?
1
Let h(t) = t**2 + 3*t + 5. Let p = -18 + 13. Let q = p - 0. What is the tens digit of h(q)?
1
Let w = 9 - 14. Let d = 12 + w. What is the units digit of d?
7
Let l(n) = 14*n**2 + 4*n + 1. What is the units digit of l(-3)?
5
Let h(r) = 2*r**2 + 6*r - 3. Let q be h(-9). Suppose -n + 6*n = q. What is the tens digit of n?
2
Let q(i) = i**3 + 7*i**2 - 15*i + 17. What is the units digit of q(-7)?
2
Suppose -22 = -q + 13. What is the tens digit of q?
3
Let p(j) = -8*j - 2. Let y(o) = -o**3 + 9*o**2 - 9*o + 10. Let q be y(8). Let c be p(q). What is the units digit of (-15)/c + 1/6?
1
Let o(w) = -w**2 - 3. Let v(u) = 1. Let j(b) = o(b) + 6*v(b). What is the units digit of j(0)?
3
Let o(x) = 2*x**2 - 2*x + 2. Let b be o(4). Let d = b + 3. Suppose 3*f = 2*s - d, -2*s = -7*s + 4*f + 83. What is the units digit of s?
9
Let u = -10 + 18. What is the units digit of u?
8
Let a(b) = -b + 9. Let z be a(6). Suppose 0 = -z*v + 8*v - 20. What is the units digit of v?
4
Let d(q) = -q + 6. Let s be (-4)/10 - 168/(-20). Let z be d(s). What is the units digit of (-4)/(-2)*(-9)/z?
9
Suppose 5*k - 12 - 13 = 0. Suppose 4*z - k*z - 7 = 0. What is the units digit of (1 + 13/z)*-7?
6
Let w be (-6)/(-21) - 36/(-21). Suppose 0 = -w*k + k + 8. What is the units digit of k?
8
Let d(k) = k**3 + 2*k**2 - 1. Let c be d(-2). Let r(l) = 5*l**2. Let v be r(c). Suppose 0 = -4*g - v - 7, -4*g - 33 = -3*y. What is the units digit of y?
7
Let m be ((-12)/(-18))/(2/(-9)). Let f(p) = p + 6. What is the units digit of f(m)?
3
Suppose -15 = -3*r - 0*r. Suppose -2*a = 3*f - 1, 3*a - r*a + 2*f = -26. What is the units digit of a?
8
Suppose -10 = 2*h - 310. What is the hundreds digit of h?
1
Let m = 6 + 134. What is the units digit of m?
0
Let t be 0 - (-2 + 0/1). Let k be (-1 + t)/(4/8). What is the units digit of k/(-8) + (-42)/(-8)?
5
Let p = -23 - -162. What is the units digit of p?
9
Suppose -3*v - 54 = -5*w, -5*w = 3*v + 2*v - 70. Let m = -4 + w. What is the units digit of m?
8
Let c be 2/((-2)/(-5) - 0). Suppose 4*z - 10 = 2*z, 4*z = -c*y - 55. What is the units digit of 2*(-3)/y*10?
4
What is the units digit of 2/8 + (-357)/(-12)?
0
Suppose 0 = -3*l - 3*g + 7 - 1, 3*l = -4*g + 5. Suppose 16 = p - l*k, 5*k + 0 = -5. What is the units digit of p?
3
Let i = -5 + 0. What is the units digit of (-86)/(-5) - i/(-25)?
7
Let u(x) = -x**2 - 4*x + 7. Let j be u(-5). Suppose -4 = -i + j. Suppose -9 = 3*c - i*c. What is the units digit of c?
3
Suppose -23 = -y - 2. Let f = -26 + 15. Let z = y + f. What is the tens digit of z?
1
Let v = -2 - -4. Suppose 0 = -v*j + 12. Suppose -j*k + 60 = -k. What is the tens digit of k?
1
Suppose -3*h = 2*h - 15. Let z(d) = d**2 + d + 7. Let j be z(0). Suppose 56 = -h*l + j*l. What is the units digit of l?
4
Let z(w) = 125*w**3 + w**2 + w - 2. What is the units digit of z(1)?
5
Let d(m) = -7 - 18*m - m**2 + 0 + 8*m. What is the units digit of d(-8)?
9
Let q(s) be the first derivative of -s**3/3 + 4*s**2 - 9*s - 17. Let l be 1 + (-1 - -2) + 4. What is the units digit of q(l)?
3
Suppose 31 = 4*w - 3*v, -33 = -2*w + 4*v + v. Suppose -114 = -w*j + 74. What is the units digit of j?
7
Suppose -4*d - 50 = d. Let h = d - -16. Suppose 1 = 4*z + c, -h = 2*z + z + 3*c. What is the units digit of z?
1
Suppose -12 = b - 3*b. Suppose 4*j = -5*p + 169, -2*p + b*j + 63 = 3*j. What is the units digit of p?
3
Suppose 0 = 4*g - 128 - 16. What is the tens digit of g?
3
Let w(u) = u**2 - 21. Let t be w(0). Let p = t + 42. What is the units digit of p?
1
Let f = 20 - 15. What is the units digit of f?
5
Let b(m) = -5*m - 3. Let a(i) = -16*i - 9. Let g(c) = -2*a(c) + 7*b(c). What is the units digit of g(-4)?
9
Let r = -18 + 44. What is the units digit of r?
6
Let p(n) = 4*n - 18. What is the units digit of p(14)?
8
Let s = -7 + 7. Suppose s = 2*t - 5*t + 84. Suppose 6*h - t = 2*h - 4*j, 4*h = 3*j + 63. What is the units digit of h?
2
Let c(k) = k**3 - 7*k**2 - k + 9. Let u be c(7). What is the tens digit of (1*u)/(18/279)?
3
Let o(c) = 5*c**2. What is the units digit of o(1)?
5
Suppose -4*o + 3*o + 9 = 0. Let x(g) = g**2 - 8*g - 9. Let w be x(o). Let s = 12 - w. What is the tens digit of s?
1
Suppose 35 = -6*n + n. Let q(z) = z**3 + 7*z**2 - 2. Let b be q(n). Let u = 5 - b. What is the units digit of u?
7
Let j = 53 - 1. What is the tens digit of j?
5
Let l = -866 - -1397. What is the units digit of (-4)/14 - l/(-21)?
5
Let y(f) = f**3 + f**2 + 5*f - 1. What is the units digit of y(4)?
9
What is the units digit of (78/15)/(2/5)?
3
Suppose b = -4*b + 15. Suppose -u + 5*j = -20, -5*u + b*j = 7*j - 13. What is the units digit of u?
5
Suppose -5*j = 4*t + 120, -3*j = -t - t - 60. What is the units digit of -1 - -1 - t/5?
6
Let f(j) = 7*j**3 - j. Let n be f(1). What is the tens digit of (n/4)/((-3)/(-20))?
1
Suppose 0 = -6*p + 2*p - 12. Let u(i) = 5*i - 3. Let d be u(2). Let c = p + d. What is the units digit of c?
4
Suppose -3*x + 3*c - 13 + 97 = 0, 3*c - 51 = -2*x. What is the tens digit of x?
2
Let b(a) = 4*a + 0*a - 1 - 3*a. Let s be b(-7). What is the units digit of (-6